0 = 2*n + d*q - 5*q - 792. Suppose -n = -6*z - z. What are the prime factors of z?
2, 7
Suppose 0 = -v + 2*d + 625, 3*v - 1820 = -4*d + 25. List the prime factors of v.
619
Suppose 6*k - 5*k - 2 = 0. Suppose 5*b - k*x - 16 = 0, -1 = 3*b - x - 11. Suppose -b*z - 3*p + 54 = 0, -5*z - 3*p + 51 = -18. What are the prime factors of z?
3, 5
Let b be (-2)/(3 + (-200)/65). Let w = b + 107. What are the prime factors of w?
7, 19
Let r(f) = 37*f**2 - 22*f + 10. Let h(m) = 13*m**2 - 7*m + 3. Let u(z) = -17*h(z) + 6*r(z). Suppose -2*s + 3 = -23. What are the prime factors of u(s)?
3
Suppose 2*d - 6 = 3*h, 4*d = 3*h - 0*d. Let n be (-3 - 1*h)*5. Suppose -u + 0*u - 3*c = -23, -n*u - 4*c = -60. List the prime factors of u.
2
Suppose x + 2*g = 9, -2*x = g - 2*g - 8. Suppose -3*t - 5*h + 1 = -6, -x*h = -25. Let p = 13 + t. What are the prime factors of p?
7
Let k be 42/24 - 1/(-4). Let i = -1 - -3. Suppose 0*r - k*r = -4*t + 126, -2*r - i = 0. What are the prime factors of t?
31
Let b(a) = 12*a + 8. Let h be b(10). Let d be ((-6)/(-8))/((-8)/h). Let r = -10 - d. List the prime factors of r.
2
Suppose 4*m - 2*n - 29 = -m, -3*m = -3*n - 12. Let q(w) = w**3 - 6*w**2 - 6*w - 7. Let v be q(m). Let o(a) = -a + 8. List the prime factors of o(v).
2
Let r(x) = x**3 - 10*x**2 + 2*x - 8. Let a be r(10). Suppose a*s - 11 = 11*s. List the prime factors of s.
11
Let w(i) = i**3 - 6*i**2 + 3*i - 2. Let q be w(5). Let f = 90 - 134. Let u = q - f. What are the prime factors of u?
2
Suppose 0 = -103*s + 116*s - 57447. List the prime factors of s.
3, 491
Suppose 27*o + 2 = 30*o + 2*i, o - 24 = 4*i. Suppose 2*r = -2*r. Suppose o*k - 11 - 1 = r, -g + 27 = -2*k. What are the prime factors of g?
3, 11
Let p be (2 - 7)*(-2 + 1). Suppose -4*k = -3*y - 649, p*y + 486 = 3*k + 3*y. List the prime factors of k.
2, 5
Suppose -40 = 4*y - 4*k, -2*y + k - 19 + 1 = 0. Let n be ((-24)/32)/(2/y). Suppose u + u = -n*a + 153, -u - 4*a = -74. List the prime factors of u.
2, 3, 13
Let l(o) = 7*o**3 + 6*o**2 + 14*o. Let t be l(-4). Let r = t + 688. What are the prime factors of r?
2, 5, 7
Suppose -m - m - 5*s + 661 = 0, -2*s = -4*m + 1310. Suppose 23*a = 19*a + m. List the prime factors of a.
2, 41
What are the prime factors of (225/(-27) - -5*1)*-66?
2, 5, 11
Let m = -642 + 1137. What are the prime factors of m?
3, 5, 11
Suppose 2*x + 4 = -4. List the prime factors of 6 + 162/(-24) - 519/x.
3, 43
What are the prime factors of 3/(-5) - 27762/(-70)?
2, 3, 11
Suppose 10*j = 5170 - 1950. List the prime factors of j.
2, 7, 23
Suppose 0 = -27*h + 4879 + 1088. List the prime factors of h.
13, 17
Suppose 0 = 4*s + 16, -4*v + 3*s = 25 + 23. Let p(n) = n - 15. Let z be p(v). Let m = z - -51. What are the prime factors of m?
3, 7
Suppose -8*i + 6017 + 6551 = 0. What are the prime factors of i?
1571
Suppose 90 = 2*c + 4*i, c - 2*c - 3*i + 45 = 0. What are the prime factors of c?
3, 5
Let o(j) = 94*j - 18. List the prime factors of o(1).
2, 19
Let h be ((-385)/44)/((-1)/(-4)). Let v = h - -74. What are the prime factors of v?
3, 13
Suppose b - 2*b = -16. Let h be b/(-12)*-1*-27. List the prime factors of h/(-7)*(-70)/(-15).
2, 3
Suppose 818 = -7*c + 8*c. List the prime factors of c.
2, 409
Let o(q) = -4*q**2 + 166*q + 17. List the prime factors of o(37).
683
Suppose 1584 = 3*m + 9*m. What are the prime factors of m?
2, 3, 11
Let a(v) = 2*v - 13. Let j(h) = -h - 1. Let k(s) = -a(s) - 3*j(s). Let q be k(-11). What are the prime factors of (6/q)/(16/40)?
3
Suppose -16*u + 4485 = -3*u. List the prime factors of u.
3, 5, 23
Suppose -j + 2*c = -20, 4*j - c = -3*c + 100. Suppose i - 15 = j. List the prime factors of i.
3, 13
List the prime factors of ((-2)/5)/1 + 21185/25.
7, 11
Suppose 2*m = -n + 191, 155 + 48 = n - 4*m. Let k = 276 - n. Suppose -k = -5*v + 129. What are the prime factors of v?
2, 3, 7
Suppose -2*k + 4*j = 3*j - 9, -25 = -4*k - 5*j. Suppose -3*t - 10*l = -12*l - 36, 0 = t - 3*l - 12. Let y = t - k. What are the prime factors of y?
7
Suppose -5*w + s + 17 = 0, -w = 2*w - 2*s - 13. Suppose 0 = -2*r + 5*h - 1 + w, 0 = 3*h. What are the prime factors of r*(-3 + 2)*-31?
31
Suppose 5*g - 4*k = 5843 - 66, -2*g = -5*k - 2304. List the prime factors of g/39 - ((-2)/(-3))/1.
29
Suppose 5*x - 13805 = 4*h, -5*h - 8205 = -4*x + 2839. What are the prime factors of x?
11, 251
Let n = -20 - -25. Suppose 0*f - 2*f + 45 = -n*q, 0 = 2*f + 3*q - 21. List the prime factors of f.
3, 5
Suppose -4190*q + 4181*q = -30528. What are the prime factors of q?
2, 53
Suppose 0 = f + 5*r - 708, -4*r = 29 - 9. What are the prime factors of f?
733
Let h = 104 - -46. Let u = 374 - h. Suppose u = 7*b - 266. List the prime factors of b.
2, 5, 7
List the prime factors of (5 - 4) + 2 - -51.
2, 3
Suppose 0 = -o + 2, 2*o - 12 = t - 3*t. What are the prime factors of (44/(-10))/(t/(-20))?
2, 11
Suppose -17 = -7*j + 11. Suppose 0 = 4*b - j*y - 364, -4*y = 5*b - 2*y - 420. What are the prime factors of b?
2, 43
Let t be (9 - 35)*4/(-2). Let p = t + -6. What are the prime factors of p?
2, 23
Let u(x) = -x**2 + 17*x - 70. Let l be u(9). Suppose 3*f = 4*r - 179 - 912, -2*r + 528 = l*f. List the prime factors of r.
269
Suppose -f - 2*z = -13 - 0, 23 = f + 4*z. Suppose f*s - 50 = -2*m, 0 = -3*s - 4*m + 60 - 20. Suppose -185 = -5*y - s. What are the prime factors of y?
3, 11
Let j(t) = t**3 - 12*t**2 - 6*t + 18. Let o(m) = 2*m**2 - 6*m + 5. Let u be o(4). What are the prime factors of j(u)?
109
Suppose 507 = 5*c - 7173. What are the prime factors of c?
2, 3
Suppose -78*j = -69*j - 11907. What are the prime factors of j?
3, 7
Suppose f + 0*f = 0. Suppose 3*t - 19 + 7 = f. Suppose 2*k = t*k - 56. What are the prime factors of k?
2, 7
Let j(g) = -g**2 - 8*g + 18. Let z(i) = -i**2 - 7*i + 17. Let o(d) = 6*j(d) - 7*z(d). List the prime factors of o(-7).
31
Let n be (-1)/(-2)*-4 + 2. Suppose -b - b + 18 = n. Let q(y) = y**3 - 8*y**2 - 5*y + 1. List the prime factors of q(b).
37
Let q(i) = 191*i - 8. List the prime factors of q(2).
2, 11, 17
Suppose 2*n + 2*n = -4. Let r be 0/((-3)/(n - 2)). List the prime factors of 33 + r + -1 + 0.
2
Suppose -7*r = -19*r + 25248. List the prime factors of r.
2, 263
Let m = 151 + -339. Let p = m - -295. What are the prime factors of p?
107
Suppose 12*u = 13*u - 185. List the prime factors of u.
5, 37
Let c(h) be the third derivative of 19*h**5/30 - h**4/24 + h**3/6 + h**2. Suppose -4*k - 6 = -10. What are the prime factors of c(k)?
2, 19
Let v = 795 - 386. List the prime factors of v.
409
Suppose 1560 = 41*i - 36*i. Suppose 8*z = 5*z + i. List the prime factors of z.
2, 13
Let w(k) = -k**3 + 6*k**2 + 3*k - 6. Let r be w(6). Suppose -2*q + q = 1, -5*j + 5*q = -100. Let m = j + r. What are the prime factors of m?
31
Let u = 73 - 65. List the prime factors of 8/(-10)*2/(u/(-690)).
2, 3, 23
Let f = 4 - -30. Let v = -17 + f. List the prime factors of v.
17
Suppose 6 + 0 = 3*l. Let b = 0 + l. Suppose -b*w + 75 = w. What are the prime factors of w?
5
Let k(c) = 38*c - 71. What are the prime factors of k(7)?
3, 5, 13
Let c(j) = 3*j**2 + 17*j - 21. Let r be c(-10). Let d = -10 + r. List the prime factors of d.
3, 11
Suppose 4*v = 4*f - 0 - 4, 0 = f + 2*v - 7. Suppose b = -2*n - 13, 0 = f*n + b + 28 - 11. List the prime factors of (-1 - 1)/(n/38).
19
Suppose a - 16 = -2*q, 4*a - 56 = -5*q - 7. Suppose 2*s = 2*p + 114, 2*s - 103 = p + a. List the prime factors of s.
2, 13
Suppose -60 = -2*a - 3*a. Let c = a + 21. Let d = c + -8. List the prime factors of d.
5
Let u be 6/9*6/2. Suppose 3*p = 5*p + 4*z - 292, -u*z + 296 = 2*p. List the prime factors of p.
2, 3, 5
Let h = 147 + -25. List the prime factors of h.
2, 61
Let c be 3 + 138 - 1*(4 + -2). Suppose -3*p + c + 203 = 0. What are the prime factors of p?
2, 3, 19
Let u = -4900 + 8193. What are the prime factors of u?
37, 89
Suppose -40594 = -14*q - 16444. List the prime factors of q.
3, 5, 23
Suppose -1771 = -3*n + h, n - 8*h + 5*h = 585. What are the prime factors of n?
3, 197
Let n(o) = 18 + 5*o**2 + 20 + 4*o - 41 - o. List the prime factors of n(-3).
3, 11
Let v be (-2)/((-5)/2 + 2). Let z be (-5)/((-5)/2)*4. Let f = z - v. What are the prime factors of f?
2
Let s = 23 - 19. Suppose s*f = -f + 295. What are the prime factors of f?
59
What are the prime factors of 4/(-34) + 205